e the highest common divisor of a and 138.
46
Suppose p = -2*d - 189, 0 = 2*p - 0*d - d + 393. Let j = 294 + p. Suppose y - 2*y - 1 = 0, -c = 4*y - 7. What is the highest common divisor of j and c?
11
Let y(m) = 2*m**2 - 34*m + 168. Let c be y(36). Calculate the highest common divisor of 32 and c.
32
Let u be -2 + (322 - -5)*(-2)/(-3). What is the highest common factor of 24 and u?
24
Suppose -2*h + 8 = 2*w, 0 = 2*h + 3*w - 0*w - 9. Let f be 72*(h + 7/(-3)). What is the highest common divisor of f and 24?
24
Suppose 18*q = 21*q - 90. Suppose 4*x - q = -2*x. Calculate the highest common factor of 5 and x.
5
Let n = 1106 + -1065. What is the greatest common factor of 9 and n?
1
Suppose 6*x - 9*x = -1575. What is the highest common factor of 35 and x?
35
Suppose -2*a + 575 = 5*u, 14*a - 18*a - 4*u + 1120 = 0. What is the greatest common divisor of a and 605?
55
Let l = 227 + 637. What is the greatest common divisor of 54 and l?
54
Let j be (-1)/(-4 - 78/(-20)). Let a be (378/(-15))/((-2)/j). Calculate the greatest common factor of a and 18.
18
Suppose 68 + 64 = 4*j. Suppose -27 = -10*r + j. Calculate the highest common divisor of r and 18.
6
Let n = -13 - -15. Let h be 2*n/(-4) - -1. Suppose u = -4*a + 44, h*u = -5*a - 3*u + 55. What is the greatest common divisor of a and 1?
1
Suppose 0 = -6*s + 5*s + 4. Suppose -4*q + f = 5*f + s, q + 2*f = -4. What is the highest common divisor of q and 14?
2
Let b = -8 + 21. Let h = -160 + 186. What is the highest common factor of b and h?
13
Let y be 2/(-4) - 693/(-6). Let k be (7/(-3))/(7/(-84)). Suppose -k = -j - s, -6 = 3*j - 3*s - 60. What is the greatest common factor of j and y?
23
Suppose -7*r + 2228 = 604. What is the highest common divisor of r and 29?
29
Suppose -4*z - 3*s = -481, -5*z - 4*s + 640 = -8*s. What is the highest common factor of z and 806?
62
Let h(d) = -d**3 - 14*d**2 + 14*d - 4. Let g = 45 - 60. Let b be h(g). What is the greatest common divisor of b and 33?
11
Suppose -9*f + 916 = 421. What is the greatest common factor of 5 and f?
5
Suppose 0 = m - 9 + 5. Let l be ((-26)/5)/(m/(-20)). Suppose l - 6 = 4*b. What is the greatest common divisor of 40 and b?
5
Suppose -2*u = -6, -q = 4*q + u - 13. Suppose q*j + 2*a - a = 38, a + 16 = j. Calculate the highest common divisor of j and 27.
9
Let l(u) = -u**2 + 10*u - 5. Suppose 0*o = -o + 2*d + 5, 3*d - 15 = -o. Let z be l(o). Let v = 14 + 2. Calculate the greatest common factor of v and z.
4
Let s be (-2 + 3/(-2))*-34. Suppose -4*l = 8, 5*b - 95 = 27*l - 22*l. Calculate the highest common factor of b and s.
17
Suppose -174 - 2784 = -34*b. Calculate the greatest common divisor of 464 and b.
29
Let i(n) = -75*n + 16. Let k(a) = 15*a - 3. Let d(y) = -2*i(y) - 11*k(y). Suppose 7*o = 6 - 13. Let j be d(o). Calculate the highest common divisor of 4 and j.
4
Let n(o) = -5*o**2 + 69*o - 26. Let h be n(13). Let t be 13*(-2 + (-6)/(-2)). What is the highest common divisor of h and t?
13
Suppose -282*b = -291*b + 1575. What is the greatest common factor of 49 and b?
7
Suppose 11*s - 15*s + p = -265, 329 = 5*s + p. Calculate the highest common factor of s and 627.
33
Let z(f) = 14*f + 10. Suppose a - 2*h + 6 = 0, 1 = 4*a - h - 2*h. Let b be z(a). Calculate the greatest common divisor of b and 6.
6
Let y(s) = -2*s - 31. Let o(d) = d + 16. Let u(l) = -5*o(l) - 3*y(l). Let k be u(-10). Suppose k*x - 30 = -2*x. What is the greatest common factor of 42 and x?
6
Let l be 1 + 29/8 + (-21)/(-56). What is the greatest common factor of l and 2?
1
Let a(q) = q**2 + 6*q - 28. Let l be a(-9). Let t be -2 + 31 + (1 - l). Calculate the highest common factor of t and 279.
31
Let j be (-88)/220 + (0 - 2804/(-10)). What is the highest common divisor of 30 and j?
10
Let o be 4 + (-1 + -6 - 0). Let n be 144/(-9)*o/2. Let g = -21 + n. What is the greatest common factor of g and 24?
3
Let o(d) be the first derivative of 17*d**2 - 3*d - 1. Let f be o(3). Calculate the highest common factor of f and 11.
11
Let j be (-72)/(-16) + 1/(-2). Let o be j/6*3 + -2. Suppose -5*a + 4*x + 284 = -o*x, -3*a + 172 = -4*x. What is the greatest common divisor of a and 8?
8
Let o(t) = t**2 + 6*t - 19. Let m be o(-11). Suppose -z - 2*j + 394 = 0, 3*z = 2*z + j + 397. Calculate the greatest common divisor of z and m.
36
Let d(p) = -p**3 + 12*p**2 + 2*p. Let c be d(12). Let i be 8/c + 159/9. Calculate the highest common divisor of 162 and i.
18
Suppose -12 + 460 = 56*f. What is the greatest common divisor of f and 5?
1
Suppose -19*a = -23*a + 180. What is the highest common divisor of 765 and a?
45
Let c(b) = -b + 5. Let f be c(0). Let m be 273/7*2/(-3). Let o = m + 51. What is the highest common factor of o and f?
5
Let x = 32 - 25. Let f be (x - 3)*(-22)/(-4). What is the highest common divisor of f and 176?
22
Let q be (-1 - -153)/2 + -1. Let i(u) = -u**3 - 7*u**2 - u + 23. Let g = -233 + 226. Let w be i(g). What is the greatest common divisor of q and w?
15
Suppose -2*r + 652 = 5*v, 269 = -5*v - 4*r + 913. What is the highest common factor of 12 and v?
12
Let f be (-2)/6*(35 - 128). Let w be (f - -1)/(-1 + 3). What is the greatest common divisor of w and 128?
16
Suppose -4*k = -5*l + 459, 0 = -35*l + 33*l + 4*k + 186. Calculate the greatest common factor of l and 35.
7
Let t(k) = 2*k**2 + 8*k + 31. Let r be t(-3). What is the greatest common factor of 225 and r?
25
Let t(p) = -22*p + 6. Suppose 2 = -g - 2*h - 0, -2*h = 0. Let a be t(g). Calculate the highest common divisor of 10 and a.
10
Suppose 99*c - 1810 = -28. Suppose -2*m - 36 = -4*m. Calculate the greatest common divisor of m and c.
18
Let u be (-30)/(-70) + 330/14. Calculate the highest common factor of u and 636.
12
Let r = 22 - 6. Let w(v) = 3*v - 2. Suppose 3*i - 6 = 2*i. Let s be w(i). What is the greatest common divisor of r and s?
16
Suppose -7*h + 8*h + 270 = 5*x, 3*h + 40 = x. Let n = x - 39. Calculate the greatest common factor of 112 and n.
16
Let q(j) = j**2 - 3*j - 18. Let z be q(6). Suppose -2*u - 4 = z, 0 = 3*i - u + 4*u - 108. What is the highest common divisor of i and 2?
2
Suppose 1 + 1 = z. Suppose -29 = -z*x + 1. Suppose 8 = -t + 4*t + j, -t + 4*j + 7 = 0. What is the greatest common factor of x and t?
3
Suppose -140 = 5*a + 4*x, -2*x - 25 = 3*a + 57. Let t be (-128)/a*(-30)/(-4). Calculate the greatest common factor of 10 and t.
10
Suppose -4*x = -8, -3*f - 6 = 2*x - 73. Let d = f + 11. What is the highest common factor of d and 16?
16
Let v(y) = -9*y**2 - y + 1. Let d(o) = -o + 6. Let u be d(5). Let j be v(u). Let r be (-96)/j*(2 + 1). What is the greatest common divisor of r and 8?
8
Let y(j) = j**2 - 3*j - 7. Let m be ((-56)/12)/((-1)/3). Let w be (-4)/m - (-74)/14. Let z be y(w). What is the highest common factor of z and 27?
3
Suppose 76*b = 56*b + 680. What is the highest common factor of 17 and b?
17
Let a(l) = -l**2 - 5*l. Let j(b) = 2*b**2 + 11*b. Let t = -11 + 7. Let y(n) = t*j(n) - 9*a(n). Let x be y(7). What is the greatest common factor of x and 140?
28
Let r(w) = w**2 - 7*w + 9. Let i be r(8). Suppose -2*u = -0*u - 34. Calculate the greatest common divisor of u and i.
17
Suppose 3*u = -20 - 10. Let w(t) = -t**2 - 9*t + 13. Let m be w(u). Suppose m*r = -r + 28. What is the highest common factor of 77 and r?
7
Let b = 94 - 89. Let q be (-24)/60 + 14/10. Calculate the greatest common factor of q and b.
1
Suppose 0 = 3*h - 309 + 111. Suppose 1734 = 3*a + 1602. What is the greatest common factor of a and h?
22
Let k = 583 + -531. Let i(s) = s**2 + s. Let z be i(-2). Let p be z + -1 + 11 - -1. Calculate the highest common divisor of k and p.
13
Let x be 8/(8/44 - 0). What is the highest common divisor of x and 11?
11
Let l = 39 - -23. Let z = l + -43. What is the highest common divisor of 171 and z?
19
Suppose 4*u - 256 = 5*j, -5*j + 4*j + 64 = u. What is the highest common divisor of u and 304?
16
Let x(z) = 8*z**2 - 6*z - 7. Let f be x(-1). What is the greatest common divisor of f and 371?
7
Let f be 9 - (2/4)/(5/(-10)). What is the highest common factor of 90 and f?
10
Let u(g) = -11*g + 22. Let z be u(-2). Suppose -f - 2*f = -15. Suppose -f*o + 182 + 148 = 0. Calculate the highest common factor of o and z.
22
Suppose g + 5*d + 16 - 113 = 0, -5*d = -g + 47. Suppose g + 12 = 7*m. Let w(k) = 6*k**2 